2, 5
List the prime factors of ((-2100)/27 - 4/18)/(-1).
2, 3, 13
Let y be (0 + 9/(-6))*-4. Suppose 0 = 5*r + y - 161. What are the prime factors of r?
31
Let q = 6 + -2. Suppose -p = 2*n - q, p + n = 3 + 3. List the prime factors of p.
2
Suppose 7*c - 124 - 275 = 0. List the prime factors of c.
3, 19
Let c(v) = 22*v**3 - v**2 + v - 1. Let i be -2 - (0 + 1)*-3. Let f be c(i). Suppose 3*z - 6*z = -f. List the prime factors of z.
7
Let z(y) = y**3 + y**2 + y - 1. Let l(d) = -3*d**3 - 3*d**2 - 2*d - 3. Let x(f) = -l(f) - 2*z(f). Let v be x(0). Let i = v - -6. List the prime factors of i.
11
Let n = -10 + 17. Let g(h) = h**3 - 7*h**2 + 5*h - 2. Let i be g(n). Let a = i + -23. What are the prime factors of a?
2, 5
Let n = -147 + 211. What are the prime factors of n?
2
List the prime factors of 3/((-12)/656*-4).
41
Let c(l) = l**3 + 7*l**2 - 8*l. Let s be c(-8). Suppose s = -3*j + 33. List the prime factors of j.
11
Let r(a) = -5*a - 1. Let l be r(-2). List the prime factors of (-6)/9 + 60/l.
2, 3
Let a be (-6)/(-4)*(-184)/(-12). Suppose w + 4*s = 2*w - 33, -2*s - a = -w. What are the prime factors of (-5)/10 - w/(-2)?
2, 3
Suppose 5*i + 2*h = 433, -2*i - 2*h + 348 = 2*i. Suppose -3*d + 38 = -t, 4*d - 2*t - i = -31. What are the prime factors of d?
11
Let f = -4 + -2. Let p(v) = -7 + 10 - v - 4. What are the prime factors of p(f)?
5
Let d(s) = s**2 + 9*s + 11. What are the prime factors of d(-10)?
3, 7
Let t(f) = -f**3 + 3*f**2 + 3*f + 6. Let c be t(4). Suppose -s + 3*j + 6 = 0, 32 = 3*s + 3*j + c. What are the prime factors of s?
3
Suppose 2*n - 6 = -3*h + 5, 4*h + 11 = n. Suppose -3*l + 0*l + 6 = 0. Suppose 6*z + l = n*z. List the prime factors of z.
2
Suppose -m - d = 6, -2*m + 2*d - 36 = -2*d. Let p = 14 + m. What are the prime factors of p?
2
Let o be 1*(3 + 0 + -82). Let u = -55 - o. List the prime factors of u.
2, 3
Let x(y) = -y**3 - 9*y**2 - 10*y - 7. Let p be x(-8). What are the prime factors of p/6*22/3?
11
Let c be (-2)/(((-12)/(-21))/(-2)). Let l(y) = -y**2 - c*y + 0*y**2 - 6 + 0*y**2. List the prime factors of l(-5).
2
Suppose t = 19 + 10. List the prime factors of t.
29
Let q = -88 + 142. What are the prime factors of q?
2, 3
Let b(r) = -r + 4. Let u be b(5). Let y = 0 - 2. List the prime factors of u - -1 - (-5 - y).
3
Let j(a) = a**2 - 9*a + 5. Let z be j(8). Let p be (3 - (2 + 0))*z. Let r(o) = o**3 + 4*o**2 - o + 4. What are the prime factors of r(p)?
2
Let o(x) = -5*x. List the prime factors of o(-6).
2, 3, 5
Let q(x) = 2*x**2 + 5*x + 2. Let w be q(-3). Suppose 0 = w*k + 5 - 20. Suppose 2*o + 2*y - 6*y = 12, 5*o - 30 = -k*y. List the prime factors of o.
2, 3
Let z(a) be the first derivative of a**2 - 10*a - 2. List the prime factors of z(9).
2
Let w(d) = d**3 + 11*d**2 + 3. What are the prime factors of w(-6)?
3, 61
Suppose -4*z + 26 + 178 = 0. What are the prime factors of z?
3, 17
Suppose m = 2*m - 6. Suppose m - 1 = c. List the prime factors of c/2 + 1/(-2).
2
Suppose 1 = -s + 2*p, -35 = -s - 3*p - 11. Let f = s - 4. Suppose -f - 1 = -2*a. What are the prime factors of a?
3
What are the prime factors of ((-240)/(-25))/6*40?
2
Suppose 0 = s - 1 + 3. Let j(z) = -2*z**3 - 2*z**2 + 2*z. What are the prime factors of j(s)?
2
Let b = 12 - -71. List the prime factors of b.
83
Suppose 0*o - 4 = -2*a + o, -a - o = 1. Let h(i) = 5*i - 5. Let n be h(5). What are the prime factors of (3/a)/(6/n)?
2, 5
Let j(p) = p**3 + p**2 + 1. Let z(a) = 5*a**3 + 5*a**2 + 4. Let d(s) = -4*j(s) + z(s). Let l be d(0). Let m = l + 13. What are the prime factors of m?
13
Suppose -6*u = -4*u - 4. Suppose 2*d + u = 18. Let w = -4 + d. List the prime factors of w.
2
Let g(x) be the first derivative of x**3/3 + x**2/2 - 7*x - 5. List the prime factors of g(5).
23
List the prime factors of 7 + 2/(-3)*-3.
3
Let o = 235 - 135. Suppose 2*w + o = g + 4*g, -3*g = 4*w - 60. List the prime factors of g.
2, 5
Let k(w) be the third derivative of -w**6/120 + 2*w**5/15 - w**4/4 + w**3/3 + 10*w**2. Let q be (0 - -4)*14/8. What are the prime factors of k(q)?
3
Let l(i) = 3*i + 6. Let p(o) = 1. Let r(v) = l(v) - 2*p(v). What are the prime factors of r(4)?
2
Let z be -17*(-1)/(2 + -1). What are the prime factors of z*(-3 + 4)*1?
17
Suppose 2*j - 223 = -5*b, 222 = 5*b + 6*j - 3*j. List the prime factors of b.
3, 5
Let y = 1 + -1. Let j = -7 + 26. Suppose y*r - j = -r. List the prime factors of r.
19
Suppose z + z = 24. Let y be 51/(-4) + (-3)/z. Let a = y - -26. What are the prime factors of a?
13
Let c(a) be the first derivative of a**4/2 - a**3 + 2*a**2 - 2*a + 1. List the prime factors of c(2).
2, 5
Let x(d) = 14*d + 6. Let i be x(-4). Let v = 82 + i. What are the prime factors of v?
2
Suppose -4*k = -k - 15. Suppose k*p - 41 = 24. List the prime factors of p.
13
List the prime factors of 2/(-14) + (-1080)/(-14).
7, 11
Suppose 2*f = 2*k - 24 + 258, 4*f = 2*k + 460. What are the prime factors of f?
113
Suppose -540 = 11*i - 13*i. List the prime factors of i.
2, 3, 5
List the prime factors of (-61)/(-4)*(-5)/(-15)*12.
61
Suppose -12 + 6 = -2*h. Suppose g = -h + 11. List the prime factors of g.
2
Suppose -3*y - u + 277 = 4*u, -2*y + 180 = u. List the prime factors of y.
89
Suppose r = 2*w - 2, -4*w - r + 28 = 3*r. Suppose w*o = 1 + 11. Suppose -3 - 29 = -o*g + y, 0 = 2*g + 5*y - 38. What are the prime factors of g?
3
Suppose 12*t = 11*t. Suppose c - 3*c + 8 = t. List the prime factors of c.
2
Let r be 5*-1*22/5. List the prime factors of r/(3/1 - 5).
11
Suppose z + 42 = 2*z. What are the prime factors of z?
2, 3, 7
Suppose 0*y + u = 3*y - 16, -3*y + 2*u = -20. Let v(h) = -h + 3*h + 7 - y*h + 3*h. What are the prime factors of v(5)?
2, 3
Let z(o) = -o**3 + 3*o**2 + o + 3. Let t be z(3). Suppose 0 = s - 4*v - 3, 5*s + v - 9 = t. List the prime factors of s.
3
Let p(n) be the second derivative of -n**5/20 - 11*n**4/12 + 5*n**3/3 + n**2/2 - 2*n. What are the prime factors of p(-12)?
5
Suppose -4*i = -17 - 47. Suppose 14 = -3*x + 5*x. Suppose -q = -2*t + i, 0*t = -t + q + x. List the prime factors of t.
3
Suppose -3*h + 3*d + 374 = 2*h, 2*h - 158 = -3*d. List the prime factors of h.
2, 19
Let c = 1 + -2. List the prime factors of c/(-5) + (-89)/(-5).
2, 3
Suppose 5*c - 40 = 50. Suppose -3*i + 65 = 5*v, 5 = i - 3*v + 8*v. Let u = i - c. What are the prime factors of u?
2, 3
Let a(q) = -6*q**2 + 3*q + 2. Let d(t) = -5*t**2 + 2*t + 2. Let s(o) = 4*a(o) - 5*d(o). Let g be s(2). List the prime factors of (g/8)/(2/8).
3
Let m(j) = -j + 8. Let a be m(6). Suppose a*i - 39 = -4*h - 15, -3*h + 28 = 4*i. List the prime factors of h.
2
Let s(t) = -t**3 + 7*t**2 + 11*t - 3. Suppose 12*c - 15*c = -24. List the prime factors of s(c).
3, 7
Suppose 0 = u + 8 - 22. Suppose -3*o + 18 = 3*f, 2*f + u = -3*o + 36. Suppose -d + 11 = -o. List the prime factors of d.
3, 7
Suppose 3*k - 5*b = 20, 5*k - 5*b = -b + 55. Suppose -5*p + 16 = -4, 0 = 4*x + 5*p + 20. List the prime factors of x/k + (-29)/(-3).
3
Suppose 0*s = 2*s + 18. What are the prime factors of (-8)/6*s/1?
2, 3
Suppose -2*j = -0*j - 22. Suppose -y - 3*h - j = 0, y - 18 = -y + 2*h. Suppose 5*q - 5 - 28 = -d, y*q - d = 21. What are the prime factors of q?
2, 3
Suppose -28 = -5*k - 13. Suppose k*r - r = 36. What are the prime factors of r?
2, 3
Suppose 3*f = 12, 0*d - 2*f = d - 42. Suppose -4*q - d = -3*h - 10, 0 = 3*h - q - 24. List the prime factors of h.
2
Let c(x) = -5*x**2 - x. Let p(r) = 6*r**2 + r. Let d(o) = 3*c(o) + 4*p(o). Suppose w - 4*w + 3 = 0. List the prime factors of d(w).
2, 5
Let b be (-22 - -2)/(1/(-1)). What are the prime factors of 37/4 - 5/b?
3
Suppose -c + 3*o = -320, 0 = -c - o - 0*o + 316. What are the prime factors of c?
317
Suppose 0 = 2*z - 0*z - 36. Suppose -s + z = -10. What are the prime factors of s?
2, 7
Suppose 163 = 2*a - r, 6*a - 2*r - 162 = 4*a. List the prime factors of a.
2, 41
Let a be 24/(-18)*3/2. List the prime factors of (15/(-4))/(a/8).
3, 5
Let d = 39 + -60. List the prime factors of (-300)/d - (-4)/(-14).
2, 7
What are the prime factors of ((-132)/(-4))/(-3)*(2 + -3)?
11
Suppose -2*r + 84 = 6. List the prime factors of r.
3, 13
Let a(z) = z**3 - 15*z**2 - 20*z - 7. List the prime factors of a(17).
3, 7, 11
Let a(p) = -p**3 - 3*p**2 + 3*p + 2. Let f be a(-4). Let w = 4 - f. What are the prime fact